 a prime number?
False
Is 300812867 composite?
False
Is 1001564951 composite?
True
Is 79181749 prime?
False
Is 344202431 prime?
False
Is 3706519997 composite?
True
Is 46729441243 prime?
True
Is 38150754533 a composite number?
True
Is 14411012239 composite?
True
Is 82251743927 prime?
False
Is 93122423279 composite?
False
Is 3333419693 composite?
True
Is 115315434959 composite?
False
Is 12187055971 a composite number?
False
Is 520241339 a composite number?
False
Is 314429543 a composite number?
False
Is 458340373 a prime number?
True
Is 27216093239 prime?
True
Is 1322041079 prime?
True
Is 17369506997 prime?
True
Is 1880198769 a prime number?
False
Is 3394988627 composite?
True
Is 369740017 prime?
False
Is 3907491509 a composite number?
False
Is 24894799693 prime?
False
Is 3007437793 composite?
False
Is 14183898893 a prime number?
False
Is 9202414757 composite?
True
Is 220509941 prime?
False
Is 144957689 composite?
True
Is 561462001 a prime number?
True
Is 17839482473 prime?
True
Is 508170263 a prime number?
True
Is 253138559 a composite number?
True
Is 9198030631 composite?
True
Is 30125456983 prime?
True
Is 707023351 a composite number?
True
Is 36510417743 a composite number?
False
Is 86541011 a composite number?
False
Is 69901106861 prime?
True
Is 3823912201 a prime number?
False
Is 57982933661 composite?
False
Is 147860467 composite?
False
Is 5943017681 prime?
True
Is 7782663151 composite?
True
Is 262833734 a prime number?
False
Is 6531673361 composite?
False
Is 613078943 a prime number?
False
Is 164059325177 a composite number?
True
Is 137043017 a prime number?
False
Is 110949069673 a prime number?
False
Is 27455007439 prime?
False
Is 45316039 a prime number?
False
Is 24036983781 a composite number?
True
Is 2223951601 a composite number?
False
Is 970810319 composite?
True
Is 893408797 a prime number?
True
Is 2891802379 a prime number?
False
Is 4440392963 composite?
False
Is 379872049 a prime number?
False
Is 6326963581 a composite number?
True
Is 531163109 prime?
True
Is 4611521249 composite?
True
Is 23209355843 a composite number?
False
Is 940804879 a prime number?
False
Is 22044168857 a composite number?
False
Is 642133402 prime?
False
Is 298931953 a composite number?
True
Is 102599647429 a prime number?
False
Is 21989339951 prime?
False
Is 1643614207 a composite number?
False
Is 22696520449 composite?
False
Is 44559781187 composite?
True
Is 5377685999 a prime number?
False
Is 765125657 a composite number?
True
Is 152800631 a composite number?
False
Is 20657699561 a composite number?
False
Is 449109101 a composite number?
True
Is 45203236541 a prime number?
True
Is 73819523 a prime number?
True
Is 6847472999 composite?
False
Is 7323022653 a composite number?
True
Is 114273142 prime?
False
Is 2595407773 composite?
True
Is 6466846363 composite?
True
Is 2306103143 prime?
False
Is 9632617481 a composite number?
True
Is 438660389 prime?
False
Is 6109893863 a prime number?
True
Is 3961374307 prime?
False
Is 4311795721 a prime number?
True
Is 36842321123 prime?
True
Is 1959985627 a prime number?
False
Is 2783592311 a prime number?
False
Is 35291331419 prime?
True
Is 2356609319 a prime number?
True
Is 4274813337 composite?
True
Is 1847738773 a prime number?
True
Is 8742647 a prime number?
False
Is 1841722997 a prime number?
False
Is 27742780333 a prime number?
False
Is 62113696949 a composite number?
False
Is 27982894151 composite?
True
Is 2213052899 a composite number?
True
Is 780650711 prime?
False
Is 1642807843 a prime number?
True
Is 5618408141 a prime number?
False
Is 10974211 a composite number?
True
Is 4111451719 a composite number?
False
Is 2854763533 composite?
True
Is 4449133957 prime?
True
Is 2702229919 composite?
False
Is 18772982197 composite?
False
Is 7481572597 prime?
True
Is 11675638181 a prime number?
False
Is 5512373057 a composite number?
True
Is 1326697193 a prime number?
True
Is 243379240355 a prime number?
False
Is 393859561 composite?
True
Is 691742593 composite?
False
Is 4088501761 a prime number?
True
Is 15266620795 a composite number?
True
Is 3549062047 a prime number?
True
Is 150001861 a composite number?
True
Is 6571998911 a prime number?
True
Is 12108681617 a composite number?
False
Is 106119816271 a prime number?
False
Is 20977184939 prime?
False
Is 3936682837 prime?
True
Is 89572723 a prime number?
True
Is 13466171 a composite number?
True
Is 1762351697 prime?
False
Is 35158678501 composite?
False
Is 1118385263 prime?
True
Is 2634469933 a prime number?
False
Is 8341313201 a prime number?
False
Is 71523380351 prime?
True
Is 32379782587 prime?
True
Is 14546853239 prime?
True
Is 115345417 composite?
True
Is 1287077647 prime?
False
Is 56085113737 prime?
True
Is 305023766 composite?
True
Is 908177717 prime?
False
Is 1477501519 a composite number?
True
Is 12134688653 a composite number?
True
Is 199939822289 composite?
True
Is 3230926603 a prime number?
True
Is 7155712661 a composite number?
False
Is 185501471 prime?
True
Is 7328807 a prime number?
True
Is 3140826641 a composite number?
False
Is 4102058003 composite?
False
Is 3978504503 prime?
False
Is 67551195574 composite?
True
Is 32178836995 prime?
False
Is 2272581517 composite?
False
Is 238887199 a prime number?
False
Is 2111628437 composite?
True
Is 558951301 prime?
True
Is 1294680742 composite?
True
Is 2800187777 a composite number?
False
Is 1752340754 a prime number?
False
Is 70530583039 a composite number?
True
Is 105586121051 a composite number?
False
Is 2160376849 a composite number?
False
Is 1646786717 composite?
True
Is 25806174259 a prime number?
True
Is 31999210561 prime?
True
Is 1856186897 composite?
False
Is 37916441189 prime?
False
Is 280416823 a composite number?
False
Is 287186221 composite?
True
Is 12289841317 composite?
True
Is 745633379 a composite number?
True
Is 15556852459 a composite number?
False
Is 26089455953 a composite number?
True
Is 55698079583 prime?
True
Is 2316120671 a prime number?
False
Is 2880308749 prime?
True
Is 924166499 a composite number?
True
Is 10735631561 prime?
True
Is 6358252049 composite?
True
Is 4606646321 composite?
False
Is 15837166849 prime?
False
Is 77849064659 composite?
True
Is 1658033747 prime?
True
Is 1292071447 a composite number?
False
Is 23907437 prime?
True
Is 1129538687 a prime number?
True
Is 65425162237 a composite number?
True
Is 4412781773 prime?
False
Is 18086260053 prime?
False
Is 85119997 prime?
True
Is 18574610819 a composite number?
True
Is 655212839 prime?
False
Is 79729343 a composite number?
True
Is 8985717007 composite?
False
Is 6916108733 prime?
True
Is 1004773361 a composite number?
True
Is 176771298941 a composite number?
True
Is 445202741 a composite number?
False
Is 58611006983 a composite number?
True
Is 2379720929 prime?
True
Is 6727782235 prime?
False
Is 980220383 a prime number?
False
Is 68664602 prime?
False
Is 12853421069 a composite number?
True
Is 7243434403 composite?
True
Is 1476662953 composite?
False
Is 64694984773 a prime number?
False
Is 217408702571 a composite number?
False
Is 41850028637 a composite number?
False
Is 94074410711 composite?
False
Is 6803008697 a composite number?
False
Is 8317239503 prime?
True
Is 319866869103 a prime number?
False
Is 30504814987 a prime number?
True
Is 47386666177 a prime number?
True
Is 2802556595 prime?
False
Is 5260309267 a composite number?
False
Is 860765333 prime?
False
Is 24071946077 prime?
True
Is 2619875723 prime?
False
Is 822587411 a composite number?
False
Is 2519928413 a prime number?
True
Is 6591118961 a composite number?
True
Is 793814491 prime?
False
Is 18332180441 a composite number?
True
Is 36376427 prime?
True
Is 24830561401 composite?
False
Is 14031027391 a composite number?
False
Is 36262064393 a composite number?
False
Is 2788025965 a composite number?
True
Is 215069993 a prime number?
False
Is 235340030453 prime?
False
Is 489779501 a prime number?
False
Is 1783024669 a prime number?
True
Is 93780228419 a composite number?
True
Is 14089862603 a prime number?
True
Is 80592841 prime?
False
Is 1306713679 a prime number?
False
Is 6155230057 composite?
False
Is 7138262377 composite?
True
Is 3032557261 prime?
True
Is 11459250307 a composite number?
True
Is 42210780033 a composite number?
True
Is 21067746841 prime?
False
Is 2